{"id":235,"date":"2018-07-20T13:05:07","date_gmt":"2018-07-20T11:05:07","guid":{"rendered":"https:\/\/media.philipiakmilano.pl\/media\/?page_id=235"},"modified":"2020-09-16T15:10:15","modified_gmt":"2020-09-16T13:10:15","slug":"wideo","status":"publish","type":"page","link":"https:\/\/media.philipiakmilano.pl\/media\/wideo\/","title":{"rendered":"Strona Wideo"},"content":{"rendered":"<p>Pojemniki pr\u00f3\u017cniowe Philipiak VACS 5 na 5 &#8211; propozycje pi\u0119ciu posi\u0142k\u00f3w na&nbsp;5&nbsp;dni&nbsp;tygodnia https:\/\/www.youtube.com\/embed?listType=playlist&amp;list=PL3IvLX_xrPpwJT9oCIoqqGIS1UVXVIEH9&amp;layout=gallery&amp;rel=0 https:\/\/www.youtube.com\/embed?listType= <a href=\"https:\/\/media.philipiakmilano.pl\/media\/wideo\/\" title=\"Read more on Strona Wideo\" class=\"more-link\">read more<\/a><\/p>\n","protected":false},"excerpt":{"rendered":"<p>Pojemniki pr\u00f3\u017cniowe Philipiak VACS 5 na 5 &#8211; propozycje pi\u0119ciu posi\u0142k\u00f3w na&nbsp;5&nbsp;dni&nbsp;tygodnia Cookover Philipiak Milano Blender Philipiak Storm II Zestaw do ekologicznego sprz\u0105tania&nbsp;3&nbsp;w&nbsp;1 Nowy filtr powietrza Filtr do oczyszczania i podgrz read more<\/p>\n","protected":false},"author":1,"featured_media":0,"parent":0,"menu_order":0,"comment_status":"closed","ping_status":"closed","template":"","meta":[],"_links":{"self":[{"href":"https:\/\/media.philipiakmilano.pl\/media\/wp-json\/wp\/v2\/pages\/235"}],"collection":[{"href":"https:\/\/media.philipiakmilano.pl\/media\/wp-json\/wp\/v2\/pages"}],"about":[{"href":"https:\/\/media.philipiakmilano.pl\/media\/wp-json\/wp\/v2\/types\/page"}],"author":[{"embeddable":true,"href":"https:\/\/media.philipiakmilano.pl\/media\/wp-json\/wp\/v2\/users\/1"}],"replies":[{"embeddable":true,"href":"https:\/\/media.philipiakmilano.pl\/media\/wp-json\/wp\/v2\/comments?post=235"}],"version-history":[{"count":32,"href":"https:\/\/media.philipiakmilano.pl\/media\/wp-json\/wp\/v2\/pages\/235\/revisions"}],"predecessor-version":[{"id":687,"href":"https:\/\/media.philipiakmilano.pl\/media\/wp-json\/wp\/v2\/pages\/235\/revisions\/687"}],"wp:attachment":[{"href":"https:\/\/media.philipiakmilano.pl\/media\/wp-json\/wp\/v2\/media?parent=235"}],"curies":[{"name":"wp","href":"https:\/\/api.w.org\/{rel}","templated":true}]}}